{"id":1090,"date":"2025-09-29T12:27:24","date_gmt":"2025-09-29T10:27:24","guid":{"rendered":"https:\/\/vs-haldenwang.de\/wordpress\/?page_id=1090"},"modified":"2025-09-29T12:27:24","modified_gmt":"2025-09-29T10:27:24","slug":"eigenstaendig-werden-mit-jolli","status":"publish","type":"page","link":"https:\/\/vs-haldenwang.de\/wordpress\/eigenstaendig-werden-mit-jolli\/","title":{"rendered":"Eigenst\u00e4ndig werden &#8211; mit Jolli"},"content":{"rendered":"\n<p><strong>Ein Unterrichtsprogramm zur Gesundheitsf\u00f6rderung und Pers\u00f6nlichkeitsentwicklung<\/strong><strong><\/strong><\/p>\n\n\n\n<p>In diesem Schuljahr f\u00fchren wir in den Klassen 2 \u2013 4 das Unterrichtsprogramm zur F\u00f6rderung der Gesundheit und Pers\u00f6nlichkeit \u201eEigenst\u00e4ndig werden\u201c durch. Mithilfe von <em>Eigenst\u00e4ndig werden<\/em> erlernen die Kinder wichtige Gesundheits- und Lebenskompetenzen, die ihnen helfen, einen gesunden Lebensstil zu entwickeln \u2013 k\u00f6rperlich, seelisch und sozial. Die F\u00f6rderung der Lebenskompetenzen ist wichtig, damit unsere Kinder den vielf\u00e4ltigen Herausforderungen des Lebens gest\u00e4rkt entgegentreten k\u00f6nnen. Begleitet werden die Sch\u00fclerinnen und Sch\u00fcler von \u201eJolli\u201c \u2013 einem fantasievollen Wesen.<\/p>\n\n\n\n<p>Die Kinder lernen<\/p>\n\n\n\n<ul class=\"wp-block-list\">\n<li>sich selbst und andere besser kennen,<\/li>\n\n\n\n<li>angemessen zu kommunizieren und ihre eigenen Bed\u00fcrfnisse auszudr\u00fccken,<\/li>\n\n\n\n<li>den konstruktiven Umgang mit unangenehmen Gef\u00fchlen und Stress,<\/li>\n\n\n\n<li>das L\u00f6sen von Konflikten und Problemen,<\/li>\n\n\n\n<li>und was sie selbst tun k\u00f6nnen, um ihre Gesundheit zu f\u00f6rdern.<\/li>\n<\/ul>\n\n\n\n<p>Davon profitiert die Klassengemeinschaft und wird in ihrer Entwicklung gef\u00f6rdert.<\/p>\n\n\n\n<p>Weitere Informationen rund um das Programm <em>Eigenst\u00e4ndig werden<\/em> finden Sie unter:<\/p>\n\n\n\n<p><a href=\"https:\/\/www.eigenstaendig-werden.de\/eltern\/\">https:\/\/www.eigenstaendig-werden.de\/eltern\/<\/a><\/p>\n\n\n\n<figure class=\"wp-block-image size-full is-resized\"><a href=\"https:\/\/vs-haldenwang.de\/wordpress\/wp-content\/uploads\/2025\/09\/image-2.png\"><img loading=\"lazy\" decoding=\"async\" width=\"363\" height=\"657\" src=\"https:\/\/vs-haldenwang.de\/wordpress\/wp-content\/uploads\/2025\/09\/image-2.png\" alt=\"\" class=\"wp-image-1091\" style=\"width:390px;height:auto\" srcset=\"https:\/\/vs-haldenwang.de\/wordpress\/wp-content\/uploads\/2025\/09\/image-2.png 363w, https:\/\/vs-haldenwang.de\/wordpress\/wp-content\/uploads\/2025\/09\/image-2-166x300.png 166w\" sizes=\"auto, (max-width: 363px) 100vw, 363px\" \/><\/a><\/figure>\n","protected":false},"excerpt":{"rendered":"<p>Ein Unterrichtsprogramm zur Gesundheitsf\u00f6rderung und Pers\u00f6nlichkeitsentwicklung In diesem Schuljahr f\u00fchren wir in den Klassen 2 \u2013 4 das Unterrichtsprogramm zur &hellip; <\/p>\n","protected":false},"author":4,"featured_media":0,"parent":0,"menu_order":0,"comment_status":"closed","ping_status":"closed","template":"","meta":{"footnotes":""},"class_list":["post-1090","page","type-page","status-publish","hentry"],"_links":{"self":[{"href":"https:\/\/vs-haldenwang.de\/wordpress\/wp-json\/wp\/v2\/pages\/1090","targetHints":{"allow":["GET"]}}],"collection":[{"href":"https:\/\/vs-haldenwang.de\/wordpress\/wp-json\/wp\/v2\/pages"}],"about":[{"href":"https:\/\/vs-haldenwang.de\/wordpress\/wp-json\/wp\/v2\/types\/page"}],"author":[{"embeddable":true,"href":"https:\/\/vs-haldenwang.de\/wordpress\/wp-json\/wp\/v2\/users\/4"}],"replies":[{"embeddable":true,"href":"https:\/\/vs-haldenwang.de\/wordpress\/wp-json\/wp\/v2\/comments?post=1090"}],"version-history":[{"count":1,"href":"https:\/\/vs-haldenwang.de\/wordpress\/wp-json\/wp\/v2\/pages\/1090\/revisions"}],"predecessor-version":[{"id":1093,"href":"https:\/\/vs-haldenwang.de\/wordpress\/wp-json\/wp\/v2\/pages\/1090\/revisions\/1093"}],"wp:attachment":[{"href":"https:\/\/vs-haldenwang.de\/wordpress\/wp-json\/wp\/v2\/media?parent=1090"}],"curies":[{"name":"wp","href":"https:\/\/api.w.org\/{rel}","templated":true}]}}