{"id":1104,"date":"2025-10-10T08:26:53","date_gmt":"2025-10-10T06:26:53","guid":{"rendered":"https:\/\/vs-haldenwang.de\/wordpress\/?page_id=1104"},"modified":"2025-10-10T08:26:53","modified_gmt":"2025-10-10T06:26:53","slug":"sozialkompetenztraining-gut-drauf-gut-dran","status":"publish","type":"page","link":"https:\/\/vs-haldenwang.de\/wordpress\/sozialkompetenztraining-gut-drauf-gut-dran\/","title":{"rendered":"Sozialkompetenztraining &#8211; &#8222;Gut drauf-gut dran&#8220;"},"content":{"rendered":"\n<p>Zweimal im Schuljahr bietet unser Schulsozialp\u00e4dagoge, unter dem Motto \u201eGut drauf \u2013 gut dran\u201c, das Training f\u00fcr die Sch\u00fclerinnen und Sch\u00fcler der dritten und vierten Klasse, im w\u00f6chentlichen Rhythmus und auf freiwilliger Basis, an. Dabei steht, neben der F\u00f6rderung von emotionalen und sozialen Kompetenzen auch die Weiterentwicklung der eigenen Pers\u00f6nlichkeit im Vordergrund. Erlerntes Sozialverhalten und bestimmte Handlungsstrategien sind f\u00fcr das Kind oft sinnvoll \u2013 jedoch nicht immer angemessen. Mit dem Training lernen die Kinder u. a. ihr Verhalten zu reflektieren und neue Handlungsalternativen zu entwickeln. Diese erproben sie im gesch\u00fctzten Rahmen der Gruppe, um sie dann bestm\u00f6glich in ihren Schul- und Lebensalltag zu integrieren.<\/p>\n\n\n\n<figure class=\"wp-block-image size-full is-resized\"><a href=\"https:\/\/vs-haldenwang.de\/wordpress\/wp-content\/uploads\/2025\/10\/Gut-drauf1.jpg\"><img loading=\"lazy\" decoding=\"async\" width=\"470\" height=\"606\" src=\"https:\/\/vs-haldenwang.de\/wordpress\/wp-content\/uploads\/2025\/10\/Gut-drauf1.jpg\" alt=\"\" class=\"wp-image-1105\" style=\"width:478px;height:auto\" srcset=\"https:\/\/vs-haldenwang.de\/wordpress\/wp-content\/uploads\/2025\/10\/Gut-drauf1.jpg 470w, https:\/\/vs-haldenwang.de\/wordpress\/wp-content\/uploads\/2025\/10\/Gut-drauf1-233x300.jpg 233w\" sizes=\"auto, (max-width: 470px) 100vw, 470px\" \/><\/a><figcaption class=\"wp-element-caption\">Selbstvertrauen<\/figcaption><\/figure>\n\n\n\n<p>Spielerisch besch\u00e4ftigt sich die Gruppe u. a. mit den Themen:<\/p>\n\n\n\n<ul class=\"wp-block-list\">\n<li>Regeln des Miteinanders und Zusammenarbeit<\/li>\n\n\n\n<li>Gef\u00fchle wahrnehmen und ausdr\u00fccken<\/li>\n\n\n\n<li>Eigene Grenzen sp\u00fcren und setzen<\/li>\n\n\n\n<li>Eigene Meinung bilden und fair \u00e4u\u00dfern<\/li>\n\n\n\n<li>Umgang mit Konflikten und Provokationen<\/li>\n\n\n\n<li>Freundschaft und vieles mehr\u2026!<\/li>\n<\/ul>\n\n\n\n<p>Dar\u00fcber hinaus entwickelt jedes Kind ein pers\u00f6nliches Ziel, an dem es in dieser Zeit arbeitet.<\/p>\n\n\n\n<figure class=\"wp-block-image size-full\"><a href=\"https:\/\/vs-haldenwang.de\/wordpress\/wp-content\/uploads\/2025\/10\/Gut-drauf2.jpg\"><img loading=\"lazy\" decoding=\"async\" width=\"411\" height=\"526\" src=\"https:\/\/vs-haldenwang.de\/wordpress\/wp-content\/uploads\/2025\/10\/Gut-drauf2.jpg\" alt=\"\" class=\"wp-image-1106\" srcset=\"https:\/\/vs-haldenwang.de\/wordpress\/wp-content\/uploads\/2025\/10\/Gut-drauf2.jpg 411w, https:\/\/vs-haldenwang.de\/wordpress\/wp-content\/uploads\/2025\/10\/Gut-drauf2-234x300.jpg 234w\" sizes=\"auto, (max-width: 411px) 100vw, 411px\" \/><\/a><figcaption class=\"wp-element-caption\">Streit friedlich l\u00f6sen<\/figcaption><\/figure>\n","protected":false},"excerpt":{"rendered":"<p>Zweimal im Schuljahr bietet unser Schulsozialp\u00e4dagoge, unter dem Motto \u201eGut drauf \u2013 gut dran\u201c, das Training f\u00fcr die Sch\u00fclerinnen und &hellip; <\/p>\n","protected":false},"author":4,"featured_media":0,"parent":0,"menu_order":0,"comment_status":"closed","ping_status":"closed","template":"","meta":{"footnotes":""},"class_list":["post-1104","page","type-page","status-publish","hentry"],"_links":{"self":[{"href":"https:\/\/vs-haldenwang.de\/wordpress\/wp-json\/wp\/v2\/pages\/1104","targetHints":{"allow":["GET"]}}],"collection":[{"href":"https:\/\/vs-haldenwang.de\/wordpress\/wp-json\/wp\/v2\/pages"}],"about":[{"href":"https:\/\/vs-haldenwang.de\/wordpress\/wp-json\/wp\/v2\/types\/page"}],"author":[{"embeddable":true,"href":"https:\/\/vs-haldenwang.de\/wordpress\/wp-json\/wp\/v2\/users\/4"}],"replies":[{"embeddable":true,"href":"https:\/\/vs-haldenwang.de\/wordpress\/wp-json\/wp\/v2\/comments?post=1104"}],"version-history":[{"count":1,"href":"https:\/\/vs-haldenwang.de\/wordpress\/wp-json\/wp\/v2\/pages\/1104\/revisions"}],"predecessor-version":[{"id":1108,"href":"https:\/\/vs-haldenwang.de\/wordpress\/wp-json\/wp\/v2\/pages\/1104\/revisions\/1108"}],"wp:attachment":[{"href":"https:\/\/vs-haldenwang.de\/wordpress\/wp-json\/wp\/v2\/media?parent=1104"}],"curies":[{"name":"wp","href":"https:\/\/api.w.org\/{rel}","templated":true}]}}