{"id":133,"date":"2021-12-09T14:07:29","date_gmt":"2021-12-09T13:07:29","guid":{"rendered":"http:\/\/vs-haldenwang.de\/wordpress\/?page_id=133"},"modified":"2022-01-21T21:14:10","modified_gmt":"2022-01-21T20:14:10","slug":"schulsozialpaedagoge","status":"publish","type":"page","link":"https:\/\/vs-haldenwang.de\/wordpress\/schulsozialpaedagoge\/","title":{"rendered":"Schulsozialp\u00e4dagoge"},"content":{"rendered":"\n<figure class=\"wp-block-image size-full is-resized\"><a href=\"http:\/\/vs-haldenwang.de\/wordpress\/wp-content\/uploads\/2022\/01\/Daniel-Sommer.jpg\"><img loading=\"lazy\" decoding=\"async\" src=\"http:\/\/vs-haldenwang.de\/wordpress\/wp-content\/uploads\/2022\/01\/Daniel-Sommer.jpg\" alt=\"\" class=\"wp-image-218\" width=\"142\" height=\"214\" srcset=\"https:\/\/vs-haldenwang.de\/wordpress\/wp-content\/uploads\/2022\/01\/Daniel-Sommer.jpg 284w, https:\/\/vs-haldenwang.de\/wordpress\/wp-content\/uploads\/2022\/01\/Daniel-Sommer-200x300.jpg 200w\" sizes=\"auto, (max-width: 142px) 100vw, 142px\" \/><\/a><\/figure>\n\n\n\n<p>Liebe Eltern, liebe Erziehungsberechtigten und Interessierte,<strong><em><br><\/em><\/strong><\/p>\n\n\n\n<p>mein Name ist Daniel Sommer, ich arbeite seit September 2020 als Schulsozialp\u00e4dagoge an den Grundschulen Haldenwang und Wildpoldsried und freue mich Ihre Kinder ein St\u00fcck auf Ihrem Lebensweg begleiten und unterst\u00fctzen zu k\u00f6nnen.<\/p>\n\n\n\n<p>Als Schulsozialp\u00e4dagoge bin ich Teil des Kollegiums, mit dem Aufgabenschwerpunkt <strong>gruppenbezogener Pr\u00e4ventionsarbeit<\/strong>, im Rahmen der Pers\u00f6nlichkeitsbildung und Werteerziehung. Mein Aufgabengebiet umfasst dabei:<\/p>\n\n\n\n<ul class=\"wp-block-list\"><li>Organisation und Durchf\u00fchrung von Projekten und einzelnen Einheiten zur Vorbeugung von u. a. Gewalt und Mobbing<\/li><li>Mitwirkung bei schulischen Veranstaltungen<\/li><li>Begleitung von Klassenfahrten und Ausfl\u00fcgen<\/li><li>Zusammenarbeit mit Schulpsychologen, Beratungslehrkr\u00e4ften und weiteren Institutionen<\/li><\/ul>\n\n\n\n<p>Dabei ist mein gr\u00f6\u00dftes Anliegen, zu einem sozialen und respektvollen Miteinander beizutragen, in dem sich alle Sch\u00fclerinnen und Sch\u00fcler angenommen und wohl f\u00fchlen.<\/p>\n\n\n\n<p>Ich stehe aber auch Ihnen, bei Fragen und Anregungen, sehr gerne als Ansprechpartner zur Verf\u00fcgung, um mit Ihnen eine L\u00f6sung zu finden. Wenn Sie mit mir Kontakt aufnehmen m\u00f6chten, erreichen Sie mich zu folgenden Zeiten.<\/p>\n\n\n\n<p><strong>B\u00fcrozeiten:<\/strong><\/p>\n\n\n\n<ul class=\"wp-block-list\"><li>Montag, Dienstag und Donnerstag von 7:30 \u2013 13 Uhr<\/li><li>Telefon: &nbsp; &nbsp;&nbsp;08374\/240221<\/li><li>Email:&nbsp;&nbsp;&nbsp;&nbsp;&nbsp;&nbsp;&nbsp; &nbsp; <a href=\"mailto:daniel.sommer@vs-haldenwang.de\">daniel.sommer@vs-haldenwang.de<\/a><\/li><\/ul>\n\n\n\n<p>Grunds\u00e4tzlich unterliege ich der Schweigepflicht nach den gesetzlichen Bestimmungen. Bei Bedarf vereinbare ich mit Ihnen auch gerne au\u00dferhalb der B\u00fcrozeiten einen Termin.<\/p>\n\n\n\n<p>Ich freue mich auf eine vertrauensvolle Zusammenarbeit!<\/p>\n\n\n\n<p>Daniel Sommer<\/p>\n\n\n\n<p>Sozialp\u00e4dagoge (B. A.)<\/p>\n","protected":false},"excerpt":{"rendered":"<p>Liebe Eltern, liebe Erziehungsberechtigten und Interessierte, mein Name ist Daniel Sommer, ich arbeite seit September 2020 als Schulsozialp\u00e4dagoge an den &hellip; <\/p>\n","protected":false},"author":3,"featured_media":0,"parent":0,"menu_order":0,"comment_status":"closed","ping_status":"closed","template":"","meta":{"footnotes":""},"class_list":["post-133","page","type-page","status-publish","hentry"],"_links":{"self":[{"href":"https:\/\/vs-haldenwang.de\/wordpress\/wp-json\/wp\/v2\/pages\/133","targetHints":{"allow":["GET"]}}],"collection":[{"href":"https:\/\/vs-haldenwang.de\/wordpress\/wp-json\/wp\/v2\/pages"}],"about":[{"href":"https:\/\/vs-haldenwang.de\/wordpress\/wp-json\/wp\/v2\/types\/page"}],"author":[{"embeddable":true,"href":"https:\/\/vs-haldenwang.de\/wordpress\/wp-json\/wp\/v2\/users\/3"}],"replies":[{"embeddable":true,"href":"https:\/\/vs-haldenwang.de\/wordpress\/wp-json\/wp\/v2\/comments?post=133"}],"version-history":[{"count":5,"href":"https:\/\/vs-haldenwang.de\/wordpress\/wp-json\/wp\/v2\/pages\/133\/revisions"}],"predecessor-version":[{"id":301,"href":"https:\/\/vs-haldenwang.de\/wordpress\/wp-json\/wp\/v2\/pages\/133\/revisions\/301"}],"wp:attachment":[{"href":"https:\/\/vs-haldenwang.de\/wordpress\/wp-json\/wp\/v2\/media?parent=133"}],"curies":[{"name":"wp","href":"https:\/\/api.w.org\/{rel}","templated":true}]}}

Schulsozialpädagoge

<figure class="wp-block-image size-full is-resized"><a href="http://vs-haldenwang.de/wordpress/wp-content/uploads/2022/01/Daniel-Sommer.jpg"><img loading="lazy" decoding="async" src="http://vs-haldenwang.de/wordpress/wp-content/uploads/2022/01/Daniel-Sommer.jpg" alt="" class="wp-image-218" width="142" height="214" srcset="https://vs-haldenwang.de/wordpress/wp-content/uploads/2022/01/Daniel-Sommer.jpg 284w, https://vs-haldenwang.de/wordpress/wp-content/uploads/2022/01/Daniel-Sommer-200x300.jpg 200w" sizes="auto, (max-width: 142px) 100vw, 142px" /></a></figure>



<p>Liebe Eltern, liebe Erziehungsberechtigten und Interessierte,<strong><em><br></em></strong></p>



<p>mein Name ist Daniel Sommer, ich arbeite seit September 2020 als Schulsozialpädagoge an den Grundschulen Haldenwang und Wildpoldsried und freue mich Ihre Kinder ein Stück auf Ihrem Lebensweg begleiten und unterstützen zu können.</p>



<p>Als Schulsozialpädagoge bin ich Teil des Kollegiums, mit dem Aufgabenschwerpunkt <strong>gruppenbezogener Präventionsarbeit</strong>, im Rahmen der Persönlichkeitsbildung und Werteerziehung. Mein Aufgabengebiet umfasst dabei:</p>



<ul class="wp-block-list"><li>Organisation und Durchführung von Projekten und einzelnen Einheiten zur Vorbeugung von u. a. Gewalt und Mobbing</li><li>Mitwirkung bei schulischen Veranstaltungen</li><li>Begleitung von Klassenfahrten und Ausflügen</li><li>Zusammenarbeit mit Schulpsychologen, Beratungslehrkräften und weiteren Institutionen</li></ul>



<p>Dabei ist mein größtes Anliegen, zu einem sozialen und respektvollen Miteinander beizutragen, in dem sich alle Schülerinnen und Schüler angenommen und wohl fühlen.</p>



<p>Ich stehe aber auch Ihnen, bei Fragen und Anregungen, sehr gerne als Ansprechpartner zur Verfügung, um mit Ihnen eine Lösung zu finden. Wenn Sie mit mir Kontakt aufnehmen möchten, erreichen Sie mich zu folgenden Zeiten.</p>



<p><strong>Bürozeiten:</strong></p>



<ul class="wp-block-list"><li>Montag, Dienstag und Donnerstag von 7:30 – 13 Uhr</li><li>Telefon: &nbsp; &nbsp;&nbsp;08374/240221</li><li>Email:&nbsp;&nbsp;&nbsp;&nbsp;&nbsp;&nbsp;&nbsp; &nbsp; <a href="mailto:daniel.sommer@vs-haldenwang.de">daniel.sommer@vs-haldenwang.de</a></li></ul>



<p>Grundsätzlich unterliege ich der Schweigepflicht nach den gesetzlichen Bestimmungen. Bei Bedarf vereinbare ich mit Ihnen auch gerne außerhalb der Bürozeiten einen Termin.</p>



<p>Ich freue mich auf eine vertrauensvolle Zusammenarbeit!</p>



<p>Daniel Sommer</p>



<p>Sozialpädagoge (B. A.)</p>

<p>Liebe Eltern, liebe Erziehungsberechtigten und Interessierte, mein Name ist Daniel Sommer, ich arbeite seit September 2020 als Schulsozialpädagoge an den &hellip; </p>
