{"id":17,"date":"2021-11-23T15:06:35","date_gmt":"2021-11-23T14:06:35","guid":{"rendered":"http:\/\/vs-haldenwang.de\/wordpress\/?page_id=17"},"modified":"2025-10-10T20:26:14","modified_gmt":"2025-10-10T18:26:14","slug":"datenschutzerklaerung","status":"publish","type":"page","link":"https:\/\/vs-haldenwang.de\/wordpress\/datenschutzerklaerung\/","title":{"rendered":"Datenschutzerkl\u00e4rung"},"content":{"rendered":"\n<h2 class=\"wp-block-heading\">Allgemeine Informationen <\/h2>\n\n\n\n<h3 class=\"wp-block-heading\">Verantwortlicher<\/h3>\n\n\n\n<p>Klaus Sturm<\/p>\n\n\n\n<p>Grundschule Haldenwang<\/p>\n\n\n\n<p>Am Schwimmbad 3, 87490 Haldenwang<\/p>\n\n\n\n<p>08374\/8044<\/p>\n\n\n\n<p>Klaus.Sturm \u00e4t schule-haldenwang.de<\/p>\n\n\n\n<hr class=\"wp-block-separator has-css-opacity is-style-dots\"\/>\n\n\n\n<h4 class=\"wp-block-heading\">Beh\u00f6rdlicher Datenschutzbeauftragter Schulamt OA-LI-KE<\/h4>\n\n\n\n<p>Susanne Dusch<\/p>\n\n\n\n<p>Zettlerstr. 17, 87448 Waltenhofen<\/p>\n\n\n\n<p>08303\/92060 <\/p>\n\n\n\n<p>E-Mail:\u00a0susanne.dusch \u00e4t schule.bayern.de<\/p>\n\n\n\n<hr class=\"wp-block-separator has-css-opacity\"\/>\n\n\n\n<h3 class=\"wp-block-heading\"><strong>Zwecke und Rechtsgrundlagen f\u00fcr die Verarbeitung Ihrer Daten<\/strong><\/h3>\n\n\n\n<p>Wir verarbeiten personenbezogene Daten zur Erf\u00fcllung des Bildungs- und Erziehungsauftrags, den das Bayerische Gesetz \u00fcber das Erziehungs- und Unterrichtswesen (BayEUG) den Schulen zuweist.<\/p>\n\n\n\n<p>Die Rechtsgrundlage f\u00fcr die Verarbeitung Ihrer Daten ergibt sich, soweit im Folgenden nichts anderes angegeben ist, aus Art. 85 des Bayerischen Erziehungs- und Unterrichtsgesetztes (BayEUG) in Verbindung mit Art. 6 Abs. 1 UAbs. 1 Buchstabe e der Datenschutzgrundverordnung (DSGVO).<\/p>\n\n\n\n<p>Demnach ist es uns erlaubt, die zur Erf\u00fcllung der schulischen Aufgaben erforderlichen Daten zu verarbeiten.<\/p>\n\n\n\n<p><\/p>\n\n\n\n<h3 class=\"wp-block-heading\"><strong><strong>Dauer der Speicherung der personenbezogenen Daten<\/strong><\/strong><\/h3>\n\n\n\n<p>Ihre Daten werden nur so lange gespeichert, wie dies unter Beachtung gesetzlicher Aufbewahrungsfristen zur Aufgabenerf\u00fcllung erforderlich ist.<\/p>\n\n\n\n<p><\/p>\n\n\n\n<h3 class=\"wp-block-heading\"><strong>Ihre Rechte<\/strong><\/h3>\n\n\n\n<p>Als Betroffener einer Datenverarbeitung haben Sie die folgenden Rechte:<\/p>\n\n\n\n<ul class=\"wp-block-list\">\n<li>Sie haben das Recht auf Auskunft \u00fcber die zu Ihrer Person gespeicherten Daten (Art. 15 DSGVO).<\/li>\n\n\n\n<li>Sollten unrichtige personenbezogene Daten verarbeitet werden, steht Ihnen ein Recht auf Berichtigung zu (Art. 16 DSGVO).<\/li>\n\n\n\n<li>Liegen die gesetzlichen Voraussetzungen vor, so k\u00f6nnen Sie die L\u00f6schung oder Einschr\u00e4nkung der Verarbeitung verlangen (Art. 17 und 18 DSGVO).<\/li>\n\n\n\n<li>Wenn Sie in die Datenverarbeitung eingewilligt haben oder ein Vertrag zur Datenverarbeitung besteht und die Datenverarbeitung mithilfe automatisierter Verfahren durchgef\u00fchrt wird, steht Ihnen gegebenenfalls ein Recht auf Daten\u00fcbertragbarkeit zu (Art. 20 DSGVO).<\/li>\n\n\n\n<li>Falls Sie in die Verarbeitung eingewilligt haben und die Verarbeitung auf dieser Einwilligung beruht, k\u00f6nnen Sie die Einwilligung jederzeit f\u00fcr die Zukunft widerrufen. Die Rechtm\u00e4\u00dfigkeit der aufgrund der Einwilligung bis zum Widerruf erfolgten Datenverarbeitung wird durch diesen nicht ber\u00fchrt.<\/li>\n<\/ul>\n\n\n\n<p>Sie haben das Recht, aus Gr\u00fcnden, die sich aus Ihrer besonderen Situation ergeben, jederzeit gegen die Verarbeitung Ihrer Daten <strong>Widerspruch<\/strong> einzulegen, wenn die Verarbeitung auf Grundlage des Art. 6 Abs. 1 UAbs. 1 Buchst. e DSGVO erfolgt (Art. 21 Abs. 1 Satz 1 DSGVO).<\/p>\n\n\n\n<p><\/p>\n\n\n\n<h3 class=\"wp-block-heading\"><strong>Beschwerderecht bei der Aufsichtsbeh\u00f6rde<\/strong><\/h3>\n\n\n\n<p>Unabh\u00e4ngig davon besteht ein Beschwerderecht beim Bayerischen Landesbeauftragten f\u00fcr den Datenschutz, den Sie unter folgenden Kontaktdaten erreichen:<\/p>\n\n\n\n<p>Postanschrift: Postfach 22 12 19, 80502 M\u00fcnchen<br>Adresse: Wagm\u00fcllerstra\u00dfe 18, 80538 M\u00fcnchen<br>Telefon: 089 212672-0<br>Telefax: 089 212672-50<\/p>\n\n\n\n<p>E-Mail: <a href=\"mailto:poststelle@datenschutz-bayern.de\">poststelle@datenschutz-bayern.de<\/a><br>Internet: <a href=\"https:\/\/www.datenschutz-bayern.de\/\" target=\"_blank\" rel=\"noreferrer noopener\">https:\/\/www.datenschutz-bayern.de\/<\/a>&nbsp;<\/p>\n\n\n\n<p><strong>Weitere Informationen<\/strong><\/p>\n\n\n\n<p>F\u00fcr n\u00e4here Informationen zur Verarbeitung Ihrer Daten und zu Ihren Rechten k\u00f6nnen Sie uns unter den oben (zu Beginn von A) genannten Kontaktdaten erreichen.<\/p>\n\n\n\n<p><\/p>\n\n\n\n<hr class=\"wp-block-separator has-css-opacity\"\/>\n\n\n\n<h2 class=\"wp-block-heading\"><strong>Informationen zum Internetauftritt<\/strong><\/h2>\n\n\n\n<h3 class=\"wp-block-heading\"><strong>Technische Umsetzung<\/strong><\/h3>\n\n\n\n<p>Unser Webserver wird durch <em>domainfactory GmbH, Max-Joseph-Str.4, 80333 M\u00fcnchen<\/em> betrieben. Die von Ihnen im Rahmen des Besuchs unseres Webauftritts \u00fcbermittelten personenbezogenen Daten werden daher durch diesen Auftragsverarbeiter in unserem Auftrag verarbeitet.<\/p>\n\n\n\n<p><\/p>\n\n\n\n<h3 class=\"wp-block-heading\"><strong>Protokollierung<\/strong><\/h3>\n\n\n\n<p>Wenn Sie diese oder andere Internetseiten aufrufen, \u00fcbermitteln Sie \u00fcber Ihren Internetbrowser Daten an unseren Webserver. Die folgenden Daten werden w\u00e4hrend einer laufenden Verbindung zur Kommunikation zwischen Ihrem Internetbrowser und unserem Webserver aufgezeichnet:<\/p>\n\n\n\n<ul class=\"wp-block-list\">\n<li>Datum und Uhrzeit der Anforderung<\/li>\n\n\n\n<li>Name der angeforderten Datei<\/li>\n\n\n\n<li>Seite, von der aus die Datei angefordert wurde<\/li>\n\n\n\n<li>Zugriffsstatus (Datei \u00fcbertragen, Datei nicht gefunden, etc.)<\/li>\n\n\n\n<li>verwendete Internetbrowser und verwendetes Betriebssystem<\/li>\n\n\n\n<li>vollst\u00e4ndige IP-Adresse des anfordernden Rechners<\/li>\n\n\n\n<li>\u00fcbertragene Datenmenge.<em>&nbsp;&nbsp;&nbsp;&nbsp;&nbsp;&nbsp;&nbsp;<\/em><\/li>\n<\/ul>\n\n\n\n<p>Nach Ende der Verbindung werden diese Daten gel\u00f6scht.<\/p>\n\n\n\n<p><\/p>\n\n\n\n<h3 class=\"wp-block-heading\"><strong>Aktive Komponenten<\/strong><\/h3>\n\n\n\n<p>Wir verwenden aktive Komponenten wie Javascript, Java-Applets oder Active-X-Controls. Diese Funktion kann durch die Einstellung Ihres Internetbrowsers von Ihnen abgeschaltet werden.<\/p>\n\n\n\n<p><\/p>\n\n\n\n<h3 class=\"wp-block-heading\"><strong>Cookies<\/strong><\/h3>\n\n\n\n<p>Beim Zugriff auf dieses Internetangebot werden von uns Cookies (kleine Dateien) auf Ihrem Ger\u00e4t gespeichert, die f\u00fcr die Dauer Ihres Besuches auf der Internetseite g\u00fcltig sind (\u201esession-cookies\u201c). Wir verwenden diese ausschlie\u00dflich w\u00e4hrend Ihres Besuchs unserer Internetseite. Die meisten Browser sind so eingestellt, dass sie die Verwendung von Cookies akzeptieren, diese Funktion kann aber durch die Einstellung des Internetbrowsers von Ihnen f\u00fcr die laufende Sitzung oder dauerhaft abgeschaltet werden. Nach Ende Ihres Besuches wird Ihr Browser diese Cookies automatisch l\u00f6schen.<\/p>\n\n\n\n<p><\/p>\n\n\n\n<h3 class=\"wp-block-heading\"><strong>Auswertung des Nutzungsverhaltens (Webtracking-Systeme; Reichweitenmessung)<\/strong><\/h3>\n\n\n\n<p>Programme zur Auswertung des Nutzerverhaltens werden von uns nicht eingesetzt.<\/p>\n","protected":false},"excerpt":{"rendered":"<p>Allgemeine Informationen Verantwortlicher Klaus Sturm Grundschule Haldenwang Am Schwimmbad 3, 87490 Haldenwang 08374\/8044 Klaus.Sturm \u00e4t schule-haldenwang.de Beh\u00f6rdlicher Datenschutzbeauftragter Schulamt OA-LI-KE &hellip; <\/p>\n","protected":false},"author":3,"featured_media":0,"parent":0,"menu_order":0,"comment_status":"closed","ping_status":"closed","template":"","meta":{"footnotes":""},"class_list":["post-17","page","type-page","status-publish","hentry"],"_links":{"self":[{"href":"https:\/\/vs-haldenwang.de\/wordpress\/wp-json\/wp\/v2\/pages\/17","targetHints":{"allow":["GET"]}}],"collection":[{"href":"https:\/\/vs-haldenwang.de\/wordpress\/wp-json\/wp\/v2\/pages"}],"about":[{"href":"https:\/\/vs-haldenwang.de\/wordpress\/wp-json\/wp\/v2\/types\/page"}],"author":[{"embeddable":true,"href":"https:\/\/vs-haldenwang.de\/wordpress\/wp-json\/wp\/v2\/users\/3"}],"replies":[{"embeddable":true,"href":"https:\/\/vs-haldenwang.de\/wordpress\/wp-json\/wp\/v2\/comments?post=17"}],"version-history":[{"count":10,"href":"https:\/\/vs-haldenwang.de\/wordpress\/wp-json\/wp\/v2\/pages\/17\/revisions"}],"predecessor-version":[{"id":1113,"href":"https:\/\/vs-haldenwang.de\/wordpress\/wp-json\/wp\/v2\/pages\/17\/revisions\/1113"}],"wp:attachment":[{"href":"https:\/\/vs-haldenwang.de\/wordpress\/wp-json\/wp\/v2\/media?parent=17"}],"curies":[{"name":"wp","href":"https:\/\/api.w.org\/{rel}","templated":true}]}}

Datenschutzerklärung

<h2 class="wp-block-heading">Allgemeine Informationen </h2>



<h3 class="wp-block-heading">Verantwortlicher</h3>



<p>Klaus Sturm</p>



<p>Grundschule Haldenwang</p>



<p>Am Schwimmbad 3, 87490 Haldenwang</p>



<p>08374/8044</p>



<p>Klaus.Sturm ät schule-haldenwang.de</p>



<hr class="wp-block-separator has-css-opacity is-style-dots"/>



<h4 class="wp-block-heading">Behördlicher Datenschutzbeauftragter Schulamt OA-LI-KE</h4>



<p>Susanne Dusch</p>



<p>Zettlerstr. 17, 87448 Waltenhofen</p>



<p>08303/92060 </p>



<p>E-Mail: susanne.dusch ät schule.bayern.de</p>



<hr class="wp-block-separator has-css-opacity"/>



<h3 class="wp-block-heading"><strong>Zwecke und Rechtsgrundlagen für die Verarbeitung Ihrer Daten</strong></h3>



<p>Wir verarbeiten personenbezogene Daten zur Erfüllung des Bildungs- und Erziehungsauftrags, den das Bayerische Gesetz über das Erziehungs- und Unterrichtswesen (BayEUG) den Schulen zuweist.</p>



<p>Die Rechtsgrundlage für die Verarbeitung Ihrer Daten ergibt sich, soweit im Folgenden nichts anderes angegeben ist, aus Art. 85 des Bayerischen Erziehungs- und Unterrichtsgesetztes (BayEUG) in Verbindung mit Art. 6 Abs. 1 UAbs. 1 Buchstabe e der Datenschutzgrundverordnung (DSGVO).</p>



<p>Demnach ist es uns erlaubt, die zur Erfüllung der schulischen Aufgaben erforderlichen Daten zu verarbeiten.</p>



<p></p>



<h3 class="wp-block-heading"><strong><strong>Dauer der Speicherung der personenbezogenen Daten</strong></strong></h3>



<p>Ihre Daten werden nur so lange gespeichert, wie dies unter Beachtung gesetzlicher Aufbewahrungsfristen zur Aufgabenerfüllung erforderlich ist.</p>



<p></p>



<h3 class="wp-block-heading"><strong>Ihre Rechte</strong></h3>



<p>Als Betroffener einer Datenverarbeitung haben Sie die folgenden Rechte:</p>



<ul class="wp-block-list">
<li>Sie haben das Recht auf Auskunft über die zu Ihrer Person gespeicherten Daten (Art. 15 DSGVO).</li>



<li>Sollten unrichtige personenbezogene Daten verarbeitet werden, steht Ihnen ein Recht auf Berichtigung zu (Art. 16 DSGVO).</li>



<li>Liegen die gesetzlichen Voraussetzungen vor, so können Sie die Löschung oder Einschränkung der Verarbeitung verlangen (Art. 17 und 18 DSGVO).</li>



<li>Wenn Sie in die Datenverarbeitung eingewilligt haben oder ein Vertrag zur Datenverarbeitung besteht und die Datenverarbeitung mithilfe automatisierter Verfahren durchgeführt wird, steht Ihnen gegebenenfalls ein Recht auf Datenübertragbarkeit zu (Art. 20 DSGVO).</li>



<li>Falls Sie in die Verarbeitung eingewilligt haben und die Verarbeitung auf dieser Einwilligung beruht, können Sie die Einwilligung jederzeit für die Zukunft widerrufen. Die Rechtmäßigkeit der aufgrund der Einwilligung bis zum Widerruf erfolgten Datenverarbeitung wird durch diesen nicht berührt.</li>
</ul>



<p>Sie haben das Recht, aus Gründen, die sich aus Ihrer besonderen Situation ergeben, jederzeit gegen die Verarbeitung Ihrer Daten <strong>Widerspruch</strong> einzulegen, wenn die Verarbeitung auf Grundlage des Art. 6 Abs. 1 UAbs. 1 Buchst. e DSGVO erfolgt (Art. 21 Abs. 1 Satz 1 DSGVO).</p>



<p></p>



<h3 class="wp-block-heading"><strong>Beschwerderecht bei der Aufsichtsbehörde</strong></h3>



<p>Unabhängig davon besteht ein Beschwerderecht beim Bayerischen Landesbeauftragten für den Datenschutz, den Sie unter folgenden Kontaktdaten erreichen:</p>



<p>Postanschrift: Postfach 22 12 19, 80502 München<br>Adresse: Wagmüllerstraße 18, 80538 München<br>Telefon: 089 212672-0<br>Telefax: 089 212672-50</p>



<p>E-Mail: <a href="mailto:poststelle@datenschutz-bayern.de">poststelle@datenschutz-bayern.de</a><br>Internet: <a href="https://www.datenschutz-bayern.de/" target="_blank" rel="noreferrer noopener">https://www.datenschutz-bayern.de/</a>&nbsp;</p>



<p><strong>Weitere Informationen</strong></p>



<p>Für nähere Informationen zur Verarbeitung Ihrer Daten und zu Ihren Rechten können Sie uns unter den oben (zu Beginn von A) genannten Kontaktdaten erreichen.</p>



<p></p>



<hr class="wp-block-separator has-css-opacity"/>



<h2 class="wp-block-heading"><strong>Informationen zum Internetauftritt</strong></h2>



<h3 class="wp-block-heading"><strong>Technische Umsetzung</strong></h3>



<p>Unser Webserver wird durch <em>domainfactory GmbH, Max-Joseph-Str.4, 80333 München</em> betrieben. Die von Ihnen im Rahmen des Besuchs unseres Webauftritts übermittelten personenbezogenen Daten werden daher durch diesen Auftragsverarbeiter in unserem Auftrag verarbeitet.</p>



<p></p>



<h3 class="wp-block-heading"><strong>Protokollierung</strong></h3>



<p>Wenn Sie diese oder andere Internetseiten aufrufen, übermitteln Sie über Ihren Internetbrowser Daten an unseren Webserver. Die folgenden Daten werden während einer laufenden Verbindung zur Kommunikation zwischen Ihrem Internetbrowser und unserem Webserver aufgezeichnet:</p>



<ul class="wp-block-list">
<li>Datum und Uhrzeit der Anforderung</li>



<li>Name der angeforderten Datei</li>



<li>Seite, von der aus die Datei angefordert wurde</li>



<li>Zugriffsstatus (Datei übertragen, Datei nicht gefunden, etc.)</li>



<li>verwendete Internetbrowser und verwendetes Betriebssystem</li>



<li>vollständige IP-Adresse des anfordernden Rechners</li>



<li>übertragene Datenmenge.<em>&nbsp;&nbsp;&nbsp;&nbsp;&nbsp;&nbsp;&nbsp;</em></li>
</ul>



<p>Nach Ende der Verbindung werden diese Daten gelöscht.</p>



<p></p>



<h3 class="wp-block-heading"><strong>Aktive Komponenten</strong></h3>



<p>Wir verwenden aktive Komponenten wie Javascript, Java-Applets oder Active-X-Controls. Diese Funktion kann durch die Einstellung Ihres Internetbrowsers von Ihnen abgeschaltet werden.</p>



<p></p>



<h3 class="wp-block-heading"><strong>Cookies</strong></h3>



<p>Beim Zugriff auf dieses Internetangebot werden von uns Cookies (kleine Dateien) auf Ihrem Gerät gespeichert, die für die Dauer Ihres Besuches auf der Internetseite gültig sind („session-cookies“). Wir verwenden diese ausschließlich während Ihres Besuchs unserer Internetseite. Die meisten Browser sind so eingestellt, dass sie die Verwendung von Cookies akzeptieren, diese Funktion kann aber durch die Einstellung des Internetbrowsers von Ihnen für die laufende Sitzung oder dauerhaft abgeschaltet werden. Nach Ende Ihres Besuches wird Ihr Browser diese Cookies automatisch löschen.</p>



<p></p>



<h3 class="wp-block-heading"><strong>Auswertung des Nutzungsverhaltens (Webtracking-Systeme; Reichweitenmessung)</strong></h3>



<p>Programme zur Auswertung des Nutzerverhaltens werden von uns nicht eingesetzt.</p>

<p>Allgemeine Informationen Verantwortlicher Klaus Sturm Grundschule Haldenwang Am Schwimmbad 3, 87490 Haldenwang 08374/8044 Klaus.Sturm ät schule-haldenwang.de Behördlicher Datenschutzbeauftragter Schulamt OA-LI-KE &hellip; </p>
